{"id":12,"date":"2025-02-28T08:26:48","date_gmt":"2025-02-28T07:26:48","guid":{"rendered":"https:\/\/witoldcislo.anaconda.com.pl\/?page_id=12"},"modified":"2025-02-28T08:34:32","modified_gmt":"2025-02-28T07:34:32","slug":"informacje","status":"publish","type":"page","link":"https:\/\/witoldcislo.anaconda.com.pl\/index.php\/informacje\/","title":{"rendered":"Informacje"},"content":{"rendered":"\n<p>Witold Cis\u0142o \u2013 \u0430 composer, multi-instrumentalist, platin record producer.<\/p>\n\n\n\n<p>\u200b<\/p>\n\n\n\n<p>He graduated from the Nowa Sol musical school (classical guitar), the Zielona Gora Musical College (percussion classes of Professor Grzegorz Bucki), the Nowa Sol Electrical Technical School, and he also studied at the Pedagogical University of Zielona G\u00f3ra (Musical Department).<\/p>\n\n\n\n<p>In 1991 he started cooperating with the Symphony Orchestra of the Zielona Gora Philharmonic Society named after Tadeusz Baird, conductor Czeslaw Grabowski. This creative cooperation went on for 7 more years and as a percussionist Witold kept on touring Europe and recorded the album &#8222;Eternal Songs&#8221; (Dux 1997).<\/p>\n\n\n\n<p>He also started a musical collaboration with the Lubusz Theatre of Zielona Gora, playing the accompaniment in various performances, including the spectacle based on B. Brecht\u2019s \u201cThreepenny Opera\u201d, directed by Tomasz Dutkiewicz, which was successfully staged and appreciated at the \u2019\u2019Simijo\u201d Theatre in Athens, Greece.<\/p>\n\n\n\n<p>Since 1992, the drummer of the band &#8221; Konferansjer &#8221; with soloists Dagmara Crown-Persowsk\u0105 and Mark Dyjak, which won numerous awards and prizes at the student&#8217;s festivals in Krakow, &#8222;Fama&#8221; in Swinoujscie, &#8222;\u0141ykend&#8221; in Wroclaw. Such songs of the band like \u201cBa\u0142agany\u201d, \u201cKowalska\u201d, \u201cDzie\u0144 dobry\u201d featured on the compilations \u201cCytryna\u201d, \u201cKraina \u0142agodno\u015bci\u201d and they are still being aired by radio stations.<\/p>\n\n\n\n<p>In 1995 Witold went to Vienna, where he met an American bard and composer Willy Bell, living there. Their friendship and creative teamwork, lasting still, resulted in the release of the &#8222;Just Hanging \u2018round&#8221; album (percussion, guitars, bass) followed by a chain of performances in Austria, Australia and Cyprus.<\/p>\n\n\n\n<p>In 1999, after returning to Warsaw Witold became a memeber of the Miroslaw Czyzykiewicz group, with whom he played many concerts and recorded the &#8222;Allez&#8221; album (percussion).<\/p>\n\n\n\n<p>&nbsp;At the same time he also took part in the recording of &nbsp;the Czech banjo virtuoso Vojta Zich&#8217;s album &#8222;Druch Miz&#8221; (drums, bass).<\/p>\n\n\n\n<p>Throughout 2003-2005, Witold worked on his own album, for the recording of which he invited his friend Willy Bell (English lyrics) and school-mate Krzysztof Kiljanski (vocal). The material for the joint album &#8222;In the Room&#8221; was released 24.01.2005. It went \u201cgold\u201d after 2 months of sale (35,000 copies) and eventually became \u201cplatinum\u201d (70,000!) by the end of 2005.<\/p>\n\n\n\n<p>The song \u201cStay\u201d opening the album made it to the final elimination of the Polish \u201cEurovision 2004\u201d contest, having gained the huge support of fans and critical acclaim.<\/p>\n\n\n\n<p>The single &#8222;Procz ciebie, nic\u201d (music by Witold Cislo, lyrics by Kayah) from the album became the song of the year at the Opole Polish Song Festival in 2005.<\/p>\n\n\n\n<p>Another song, &#8222;I Don&#8217;t Know Where Life\u2019s Going&#8221;, the second single from the album, was chosen to participate in the \u201cAmber Nightingale\u201d competition at the international festival of Sopot in 2005.<\/p>\n\n\n\n<p>2005 saw a special edition of the album &#8222;In The Room&#8221; containing three new songs. &#8222;From Christmas to Christmas&#8221; which was later published in various compilations deserves to be mentioned among others.<\/p>\n\n\n\n<p>In 2005 Witold was nominated a candidate for the Frederyk \u201dComposer of the year\u201d award.<\/p>\n\n\n\n<p>2008 saw the release of the single \u201cI Tylko Ty\u201d &#8211; Piotr Polk \/ Witold Cis\u0142o (music, arrangement, production and recording of all the instruments).<\/p>\n\n\n\n<p>In 2009 the single \u201cNoce bez gwiazd\u201d &#8211; Lora Szafran \/ Witold Cis\u0142o (music, arrangement, production and recording of all the instruments) was released.<\/p>\n\n\n\n<p>In 2010, the singer Piotr Karpienia was invited to participate in Witold&#8217;s next project where the latter participated as a composer, arranger, producer, and performer of nearly all of the instrumental parts, which was released in 2012 as the album &#8222;My World&#8221; &#8211; Peter Karpienia &amp; Witold Cis\u0142o (Sony Music).<\/p>\n\n\n\n<p>In 2012 Witold recorded and produced the single \u201cTylko Mi\u0142o\u015b\u0107 (Zdarzy\u0142o si\u0119)\u201d with Magda Umer.<\/p>\n\n\n\n<p>In 2015 recorded and produced his song \u201cCzas na ob\u0142oki i las \u201c with Magda Umer (from gold cd &#8211; \u201c Magda Umer \u2013 Duety. Tak m\u0142odo jak teraz\u201d)<\/p>\n\n\n\n<p>Witold is currently working on the material for his third album.<\/p>\n","protected":false},"excerpt":{"rendered":"<p>Witold Cis\u0142o \u2013 \u0430 composer, multi-instrumentalist, platin record producer. \u200b He graduated from the Nowa Sol musical school (classical guitar), the Zielona Gora Musical College (percussion classes of Professor Grzegorz Bucki), the Nowa Sol Electrical Technical School, and he also studied at the Pedagogical University of Zielona G\u00f3ra (Musical Department). In 1991 he started cooperating &hellip; <\/p>\n<p class=\"link-more\"><a href=\"https:\/\/witoldcislo.anaconda.com.pl\/index.php\/informacje\/\" class=\"more-link\">Czytaj dalej<span class=\"screen-reader-text\"> \u201eInformacje\u201d<\/span><\/a><\/p>\n","protected":false},"author":1,"featured_media":47,"parent":0,"menu_order":0,"comment_status":"closed","ping_status":"closed","template":"","meta":{"footnotes":""},"class_list":["post-12","page","type-page","status-publish","has-post-thumbnail","hentry"],"_links":{"self":[{"href":"https:\/\/witoldcislo.anaconda.com.pl\/index.php\/wp-json\/wp\/v2\/pages\/12","targetHints":{"allow":["GET"]}}],"collection":[{"href":"https:\/\/witoldcislo.anaconda.com.pl\/index.php\/wp-json\/wp\/v2\/pages"}],"about":[{"href":"https:\/\/witoldcislo.anaconda.com.pl\/index.php\/wp-json\/wp\/v2\/types\/page"}],"author":[{"embeddable":true,"href":"https:\/\/witoldcislo.anaconda.com.pl\/index.php\/wp-json\/wp\/v2\/users\/1"}],"replies":[{"embeddable":true,"href":"https:\/\/witoldcislo.anaconda.com.pl\/index.php\/wp-json\/wp\/v2\/comments?post=12"}],"version-history":[{"count":2,"href":"https:\/\/witoldcislo.anaconda.com.pl\/index.php\/wp-json\/wp\/v2\/pages\/12\/revisions"}],"predecessor-version":[{"id":72,"href":"https:\/\/witoldcislo.anaconda.com.pl\/index.php\/wp-json\/wp\/v2\/pages\/12\/revisions\/72"}],"wp:featuredmedia":[{"embeddable":true,"href":"https:\/\/witoldcislo.anaconda.com.pl\/index.php\/wp-json\/wp\/v2\/media\/47"}],"wp:attachment":[{"href":"https:\/\/witoldcislo.anaconda.com.pl\/index.php\/wp-json\/wp\/v2\/media?parent=12"}],"curies":[{"name":"wp","href":"https:\/\/api.w.org\/{rel}","templated":true}]}}